-- MySQL dump 8.22
--
-- Host: localhost    Database: oai
---------------------------------------------------------
-- Server version       3.23.56

--
-- Table structure for table 'ids'
--
CREATE DATABASE oai;

USE oai;

CREATE TABLE ids (
  recID int(11) NOT NULL auto_increment,
  OAI_Identifier varchar(50) default NULL,
  objectName varchar(255) default NULL,
  lastModDate date NOT NULL default '0000-00-00',
  exportable char(1) NOT NULL default 'Y',
  deleted char(1) NOT NULL default 'N',
  PRIMARY KEY  (recID)
) TYPE=MyISAM;

--
-- Dumping data for table 'ids'
--


INSERT INTO ids VALUES (1,'1477502',NULL,'1954-12-14','Y','N');
INSERT INTO ids VALUES (2,'1477510',NULL,'1923-05-12','Y','N');
INSERT INTO ids VALUES (3,'1477521',NULL,'2002-01-13','Y','N');
INSERT INTO ids VALUES (4,'1477584',NULL,'2001-04-23','Y','N');
INSERT INTO ids VALUES (5,'1477592',NULL,'2001-11-17','Y','N');
INSERT INTO ids VALUES (6,'1477604',NULL,'2002-08-22','Y','N');
INSERT INTO ids VALUES (7,'2487802',NULL,'2002-10-25','Y','N');

--
-- Table structure for table 'metadata'
--

CREATE TABLE metadata (
  recID int(11) NOT NULL default '0',
  varName varchar(50) NOT NULL default '',
  value varchar(255) NOT NULL default '',
  scheme varchar(32) default NULL,
  subfield varchar(32) default NULL,
  lastModDate timestamp(14) NOT NULL,
  KEY recID (recID)
) TYPE=MyISAM;

--
-- Dumping data for table 'metadata'
--


INSERT INTO metadata VALUES (1,'leader','01012nam  2200265 a 4500',NULL,NULL,20030428140334);
INSERT INTO metadata VALUES (1,'001','1477502',NULL,NULL,20030428140334);
INSERT INTO metadata VALUES (1,'005','20020808050439.0',NULL,NULL,20030428140334);
INSERT INTO metadata VALUES (1,'008','920623s1959    meua         s000 0 eng d',NULL,NULL,20030428140334);
INSERT INTO metadata VALUES (1,'035','(OCoLC)ocm26068200','','a',20030428140334);
INSERT INTO metadata VALUES (1,'035','AVR-4868','','9',20030428140334);
INSERT INTO metadata VALUES (1,'035','(UIUdb)3373738','','a',20030428140334);
INSERT INTO metadata VALUES (1,'040','RQF','','a',20030428140334);
INSERT INTO metadata VALUES (1,'040','RQF','','c',20030428140334);
INSERT INTO metadata VALUES (1,'040','UIUdb','','d',20030428140334);
INSERT INTO metadata VALUES (1,'070','100','0','a',20030428140334);
INSERT INTO metadata VALUES (1,'070','M28S (2) no.635','0','b',20030428140334);
INSERT INTO metadata VALUES (1,'072','H000','','a',20030428140334);
INSERT INTO metadata VALUES (1,'100','Trevett, M. F.','1','a',20030428140334);
INSERT INTO metadata VALUES (1,'100','(Moody Francis),','1','q',20030428140334);
INSERT INTO metadata VALUES (1,'100','1907-','1','d',20030428140334);
INSERT INTO metadata VALUES (1,'245','1959 chemical weed killers /','10','a',20030428140334);
INSERT INTO metadata VALUES (1,'245','by M.F. Trevett and H.J. Murphy.','10','c',20030428140334);
INSERT INTO metadata VALUES (1,'260','Orono','','a',20030428140334);
INSERT INTO metadata VALUES (1,'260','Maine Extension Service :','','b',20030428140334);
INSERT INTO metadata VALUES (1,'260','Maine Agricultural Experiment Station,','','b',20030428140334);
INSERT INTO metadata VALUES (1,'260','1959.','','c',20030502163639);
INSERT INTO metadata VALUES (1,'300','[29] p. :','','a',20030428140334);
INSERT INTO metadata VALUES (1,'300','ill. ;','','b',20030428140334);
INSERT INTO metadata VALUES (1,'300','22 cm.','','c',20030428140334);
INSERT INTO metadata VALUES (1,'490','Miscellaneous publication / Maine Agricultural Experiment Station ;','1','a',20030428140334);
INSERT INTO metadata VALUES (1,'490','635','1','v',20030428140334);
INSERT INTO metadata VALUES (1,'500','Caption title: A guide for the use of chemical weed killers in 1959.','','a',20030428140334);
INSERT INTO metadata VALUES (1,'650','Herbicides',' 0','a',20030428140334);
INSERT INTO metadata VALUES (1,'700','Murphy, H. J.','10','a',20030428140334);
INSERT INTO metadata VALUES (1,'740','Guide for the use of chemical weed killers in 1959.','01','a',20030428140334);
INSERT INTO metadata VALUES (1,'740','Chemical weed killers.','01','a',20030428140334);
INSERT INTO metadata VALUES (1,'830','Miscellaneous publication (Maine Agricultural Experiment Station) ;',' 0','a',20030428140334);
INSERT INTO metadata VALUES (1,'830','635.',' 0','v',20030428140334);
INSERT INTO metadata VALUES (2,'leader','01012nam  2200265 a 4500',NULL,NULL,20030428140334);
INSERT INTO metadata VALUES (2,'001','1477510',NULL,NULL,20030428140334);
INSERT INTO metadata VALUES (2,'005','20020808050439.0',NULL,NULL,20030428140334);
INSERT INTO metadata VALUES (2,'008','920623s1960    meua         s000 0 eng d',NULL,NULL,20030428140334);
INSERT INTO metadata VALUES (2,'035','(OCoLC)ocm26068323','','a',20030428140334);
INSERT INTO metadata VALUES (2,'035','AVR-4872','','9',20030428140334);
INSERT INTO metadata VALUES (2,'035','(UIUdb)3373742','','a',20030428140334);
INSERT INTO metadata VALUES (2,'040','RQF','','a',20030428140334);
INSERT INTO metadata VALUES (2,'040','RQF','','c',20030428140334);
INSERT INTO metadata VALUES (2,'040','UIUdb','','d',20030428140334);
INSERT INTO metadata VALUES (2,'070','100','0','a',20030428140334);
INSERT INTO metadata VALUES (2,'070','M28S (2) no.639','0','b',20030428140334);
INSERT INTO metadata VALUES (2,'072','H000','','a',20030428140334);
INSERT INTO metadata VALUES (2,'100','Trevett, M. F.','1','a',20030428140334);
INSERT INTO metadata VALUES (2,'100','(Moody Francis),','1','q',20030428140334);
INSERT INTO metadata VALUES (2,'100','1907-','1','d',20030428140334);
INSERT INTO metadata VALUES (2,'245','1960 chemical weed killers /','10','a',20030428140334);
INSERT INTO metadata VALUES (2,'245','by M.F. Trevett and H.J. Murphy.','10','c',20030428140334);
INSERT INTO metadata VALUES (2,'260','Orono :','','a',20030428140334);
INSERT INTO metadata VALUES (2,'260','Maine Extension Service :','','b',20030428140334);
INSERT INTO metadata VALUES (2,'260','Maine Agricultural Experiment Station,','','b',20030428140334);
INSERT INTO metadata VALUES (2,'260','1960.','','c',20030428140334);
INSERT INTO metadata VALUES (2,'300','[33] p. :','','a',20030428140334);
INSERT INTO metadata VALUES (2,'300','ill. ;','','b',20030428140334);
INSERT INTO metadata VALUES (2,'300','22 cm.','','c',20030428140334);
INSERT INTO metadata VALUES (2,'490','Miscellaneous publication / Maine Agricultural Experiment Station ;','1','a',20030428140334);
INSERT INTO metadata VALUES (2,'490','639','1','v',20030428140334);
INSERT INTO metadata VALUES (2,'500','Caption title: A guide for the use of chemical weed killers in 1960.','','a',20030428140334);
INSERT INTO metadata VALUES (2,'650','Herbicides',' 0','a',20030428140334);
INSERT INTO metadata VALUES (2,'700','Murphy, H. J.','10','a',20030428140334);
INSERT INTO metadata VALUES (2,'740','Guide for the use of chemical weed killers in 1960.','01','a',20030428140334);
INSERT INTO metadata VALUES (2,'740','Chemical weed killers.','01','a',20030428140334);
INSERT INTO metadata VALUES (2,'830','Miscellaneous publication (Maine Agricultural Experiment Station) ;',' 0','a',20030428140334);
INSERT INTO metadata VALUES (3,'leader','01009nam  2200265 a 4500',NULL,NULL,20030428140334);
INSERT INTO metadata VALUES (3,'001','1477521',NULL,NULL,20030428140334);
INSERT INTO metadata VALUES (3,'005','20020808050439.0\"',NULL,NULL,20030428140334);
INSERT INTO metadata VALUES (3,'008','920623s1961    meua         s000 0 eng d\"',NULL,NULL,20030428140334);
INSERT INTO metadata VALUES (3,'035','(OCoLC)ocm26068660','','a',20030428140334);
INSERT INTO metadata VALUES (3,'035','AVR-4884','','9',20030428140334);
INSERT INTO metadata VALUES (3,'035','(UIUdb)3373748','','a',20030428140334);
INSERT INTO metadata VALUES (3,'040','RQF','','a',20030428140334);
INSERT INTO metadata VALUES (3,'040','RQF','','c',20030428140334);
INSERT INTO metadata VALUES (3,'040','UIUdb','','d',20030428140334);
INSERT INTO metadata VALUES (3,'070','100','0','a',20030428140334);
INSERT INTO metadata VALUES (3,'070','M28S (2) no.645','0','b',20030428140334);
INSERT INTO metadata VALUES (3,'072','H000','','a',20030428140334);
INSERT INTO metadata VALUES (3,'100','Trevett, M. F.','1','a',20030428140334);
INSERT INTO metadata VALUES (3,'100','(Moody Francis),','1','q',20030428140334);
INSERT INTO metadata VALUES (3,'100','1907-','1','d',20030428140334);
INSERT INTO metadata VALUES (3,'245','1961 chemical weed killers /','10','a',20030428140334);
INSERT INTO metadata VALUES (3,'245','M.F. Trevett and H.J. Murphy.','10','c',20030428140334);
INSERT INTO metadata VALUES (3,'260','[Orono] :','','a',20030428140334);
INSERT INTO metadata VALUES (3,'260','Maine Extension Service :','','b',20030428140334);
INSERT INTO metadata VALUES (3,'260','Maine Agricultural Experiment Station,','','b',20030428140334);
INSERT INTO metadata VALUES (3,'260','1961.','','c',20030428140334);
INSERT INTO metadata VALUES (3,'300','[35] p. :','','a',20030428140334);
INSERT INTO metadata VALUES (3,'300','ill. ;','','b',20030428140334);
INSERT INTO metadata VALUES (3,'300','22 cm.','','c',20030428140334);
INSERT INTO metadata VALUES (3,'490','Miscellaneous publication / Maine Agricultural Experiment Station ;','1','a',20030428140334);
INSERT INTO metadata VALUES (3,'490','645','1','v',20030428140334);
INSERT INTO metadata VALUES (3,'500','Caption title: A guide to the use of chemical weed killers in 1961.','','a',20030428140334);
INSERT INTO metadata VALUES (3,'650','Herbicides',' 0','a',20030428140334);
INSERT INTO metadata VALUES (3,'700','Murphy, H. J.','10','a',20030428140334);
INSERT INTO metadata VALUES (3,'740','Guide to the use of chemical weed killers in 1961.','01','a',20030428140334);
INSERT INTO metadata VALUES (3,'740','Chemical weed killers.','01','a',20030428140334);
INSERT INTO metadata VALUES (3,'830','Miscellaneous publication (Maine Agricultural Experiment Station) ;',' 0','a',20030428140334);
INSERT INTO metadata VALUES (3,'830','645.',' 0','v',20030428140334);
INSERT INTO metadata VALUES (4,'leader','00982nam  2200265 a 4500',NULL,NULL,20030428140334);
INSERT INTO metadata VALUES (4,'001','1477584',NULL,NULL,20030428140334);
INSERT INTO metadata VALUES (4,'005','20020808050441.0',NULL,NULL,20030428140334);
INSERT INTO metadata VALUES (4,'008','920624s1963    meua         s000 0 eng d',NULL,NULL,20030428140334);
INSERT INTO metadata VALUES (4,'035','(OCoLC)ocm26075741','','a',20030428140334);
INSERT INTO metadata VALUES (4,'035','AVR-4968','','9',20030428140334);
INSERT INTO metadata VALUES (4,'035','(UIUdb)3373780','','a',20030428140334);
INSERT INTO metadata VALUES (4,'040','RQF','','a',20030428140334);
INSERT INTO metadata VALUES (4,'040','RQF','','c',20030428140334);
INSERT INTO metadata VALUES (4,'040','UIUdb','','d',20030428140334);
INSERT INTO metadata VALUES (4,'070','100','0','a',20030428140334);
INSERT INTO metadata VALUES (4,'070','M28S (2) no.656','0','b',20030428140334);
INSERT INTO metadata VALUES (4,'072','H000','','a',20030428140334);
INSERT INTO metadata VALUES (4,'100','Trevett, M. F.','1','a',20030428140334);
INSERT INTO metadata VALUES (4,'100','(Moody Francis),','1','q',20030428140334);
INSERT INTO metadata VALUES (4,'100','1907-','1','d',20030428140334);
INSERT INTO metadata VALUES (4,'245','1963 chemical weed killers /','10','a',20030428140334);
INSERT INTO metadata VALUES (4,'245','M.F. Trevett, H.J. Murphy.','10','c',20030428140334);
INSERT INTO metadata VALUES (4,'260','Orono :','','a',20030428140334);
INSERT INTO metadata VALUES (4,'260','Maine Agricultural Experiment Station,','','b',20030428140334);
INSERT INTO metadata VALUES (4,'260','1963.','','c',20030428140334);
INSERT INTO metadata VALUES (4,'300','45, [1] p. :','','a',20030428140334);
INSERT INTO metadata VALUES (4,'300','ill. ;','','b',20030428140334);
INSERT INTO metadata VALUES (4,'300','22 cm.','','c',20030428140334);
INSERT INTO metadata VALUES (4,'490','Miscellaneous publication / Maine Agricultural Experiment Station ;','1','a',20030428140334);
INSERT INTO metadata VALUES (4,'490','656','1','v',20030428140334);
INSERT INTO metadata VALUES (4,'500','Caption title: A guide for the use of chemical weed killers in 1963.','','a',20030428140334);
INSERT INTO metadata VALUES (4,'650','Herbicides',' 0','a',20030428140334);
INSERT INTO metadata VALUES (4,'700','Murphy, H. J.','10','a',20030428140334);
INSERT INTO metadata VALUES (4,'740','Guide for the use of chemical weed killers in 1963.','01','a',20030428140334);
INSERT INTO metadata VALUES (4,'740','Chemical weed killers.','01','a',20030428140334);
INSERT INTO metadata VALUES (4,'830','Miscellaneous publication (Maine Agricultural Experiment Station) ;',' 0','a',20030428140334);
INSERT INTO metadata VALUES (4,'830','656.',' 0','v',20030428140334);
INSERT INTO metadata VALUES (5,'leader','01016nam  2200265 a 4500',NULL,NULL,20030428140334);
INSERT INTO metadata VALUES (5,'001','1477592',NULL,NULL,20030428140334);
INSERT INTO metadata VALUES (5,'005','20020808050441.0',NULL,NULL,20030428140334);
INSERT INTO metadata VALUES (5,'008','920624s1964    meua         s000 0 eng d',NULL,NULL,20030428140334);
INSERT INTO metadata VALUES (5,'035','(OCoLC)ocm26076157','','a',20030428140334);
INSERT INTO metadata VALUES (5,'035','AVR-4997','','9',20030428140334);
INSERT INTO metadata VALUES (5,'035','(UIUdb)3373785','','a',20030428140334);
INSERT INTO metadata VALUES (5,'040','RQF','','a',20030428140334);
INSERT INTO metadata VALUES (5,'040','RQF','','c',20030428140334);
INSERT INTO metadata VALUES (5,'040','UIUdb','','d',20030428140334);
INSERT INTO metadata VALUES (5,'070','100','0','a',20030428140334);
INSERT INTO metadata VALUES (5,'070','M28S (2) no.660','0','b',20030428140334);
INSERT INTO metadata VALUES (5,'072','H000','','a',20030428140334);
INSERT INTO metadata VALUES (5,'100','Trevett, M. F.','1','a',20030428140334);
INSERT INTO metadata VALUES (5,'100','(Moody Francis),','1','q',20030428140334);
INSERT INTO metadata VALUES (5,'100','1907-','1','d',20030428140334);
INSERT INTO metadata VALUES (5,'245','1964 chemical weed killers /','10','a',20030428140334);
INSERT INTO metadata VALUES (5,'245','M.F. Trevett, H.J. Murphy.','10','c',20030428140334);
INSERT INTO metadata VALUES (5,'260','Orono :','','a',20030428140334);
INSERT INTO metadata VALUES (5,'260','Maine Agricultural Experiment Station :','','b',20030428140334);
INSERT INTO metadata VALUES (5,'260','Maine Cooperative Extension Service,','','b',20030428140334);
INSERT INTO metadata VALUES (5,'260','1964.','','c',20030428140334);
INSERT INTO metadata VALUES (5,'300','44 p. :','','a',20030428140334);
INSERT INTO metadata VALUES (5,'300','ill. ;','','b',20030428140334);
INSERT INTO metadata VALUES (5,'300','22 cm.','','c',20030428140334);
INSERT INTO metadata VALUES (5,'490','Miscellaneous publication / Maine Agricultural Experiment Station ;','1','a',20030428140334);
INSERT INTO metadata VALUES (5,'490','660','1','v',20030428140334);
INSERT INTO metadata VALUES (5,'500','Caption title: A guide for the use of chemical weed killers in 1964.','','a',20030428140334);
INSERT INTO metadata VALUES (5,'650','Herbicides',' 0','a',20030428140334);
INSERT INTO metadata VALUES (5,'700','Murphy, H. J.','10','a',20030428140334);
INSERT INTO metadata VALUES (5,'740','Guide for the use of chemical weed killers in 1964.','01','a',20030428140334);
INSERT INTO metadata VALUES (5,'740','Chemical weed killers.','01','a',20030428140334);
INSERT INTO metadata VALUES (5,'830','Miscellaneous publication (Maine Agricultural Experiment Station) ;',' 0','a',20030428140334);
INSERT INTO metadata VALUES (5,'830','660.',' 0','v',20030428140334);
INSERT INTO metadata VALUES (6,'leader','01010nam  2200265 a 4500',NULL,NULL,20030428140334);
INSERT INTO metadata VALUES (6,'001','1477604',NULL,NULL,20030428140334);
INSERT INTO metadata VALUES (6,'005','20020808050441.0',NULL,NULL,20030428140334);
INSERT INTO metadata VALUES (6,'008','920624s1965    meu          s000 0 eng d',NULL,NULL,20030428140334);
INSERT INTO metadata VALUES (6,'035','(OCoLC)ocm26076346','','a',20030428140334);
INSERT INTO metadata VALUES (6,'035','AVR-5011','','9',20030428140334);
INSERT INTO metadata VALUES (6,'035','(UIUdb)3373791','','a',20030428140334);
INSERT INTO metadata VALUES (6,'040','RQF','','a',20030428140334);
INSERT INTO metadata VALUES (6,'040','RQF','','c',20030428140334);
INSERT INTO metadata VALUES (6,'040','UIUdb','','d',20030428140334);
INSERT INTO metadata VALUES (6,'070','100','0','a',20030428140334);
INSERT INTO metadata VALUES (6,'070','M28S (2) no.664','0','b',20030428140334);
INSERT INTO metadata VALUES (6,'072','H000','','a',20030428140334);
INSERT INTO metadata VALUES (6,'100','Trevett, M. F.','1','a',20030428140334);
INSERT INTO metadata VALUES (6,'100','(Moody Francis),','1','q',20030428140334);
INSERT INTO metadata VALUES (6,'100','1907-','1','d',20030428140334);
INSERT INTO metadata VALUES (6,'245','1965 chemical weed killers /','10','a',20030428140334);
INSERT INTO metadata VALUES (6,'245','M.F. Trevett, H.J. Murphy.','10','c',20030428140334);
INSERT INTO metadata VALUES (6,'260','[Orono] :','','a',20030428140334);
INSERT INTO metadata VALUES (6,'260','Maine Agricultural Experiment Station :','','b',20030428140334);
INSERT INTO metadata VALUES (6,'260','Maine Cooperative Extension Service,','','b',20030428140334);
INSERT INTO metadata VALUES (6,'260','1965.','','c',20030428140334);
INSERT INTO metadata VALUES (6,'300','47 p. ;','','a',20030428140334);
INSERT INTO metadata VALUES (6,'300','22 cm.','','c',20030428140334);
INSERT INTO metadata VALUES (6,'490','Miscellaneous publication / Maine Agricultural Experiment Station ;','1','a',20030428140334);
INSERT INTO metadata VALUES (6,'490','664','1','v',20030428140334);
INSERT INTO metadata VALUES (6,'500','Caption title: A guide for the use of chemical weed killers in 1965.','','a',20030428140334);
INSERT INTO metadata VALUES (6,'650','Herbicides',' 0','a',20030428140334);
INSERT INTO metadata VALUES (6,'700','Murphy, H. J.','10','a',20030428140334);
INSERT INTO metadata VALUES (6,'740','Guide for the use of chemical weed killers in 1965.','01','a',20030428140334);
INSERT INTO metadata VALUES (6,'740','Chemical weed killers.','01','a',20030428140334);
INSERT INTO metadata VALUES (6,'830','Miscellaneous publication (Maine Agricultural Experiment Station) ;',' 0','a',20030428140334);
INSERT INTO metadata VALUES (6,'830','664.',' 0','v',20030428140334);
INSERT INTO metadata VALUES (7,'leader','00404cam  2200145i  4500',NULL,NULL,20030428140334);
INSERT INTO metadata VALUES (7,'001','2487802',NULL,NULL,20030428140334);
INSERT INTO metadata VALUES (7,'005','20020808104636.0',NULL,NULL,20030428140334);
INSERT INTO metadata VALUES (7,'008','950902 1993    xx            00000 und d',NULL,NULL,20030428140334);
INSERT INTO metadata VALUES (7,'035','uc 42076881','','a',20030428140334);
INSERT INTO metadata VALUES (7,'035','AZA-0344','','9',20030428140334);
INSERT INTO metadata VALUES (7,'035','(UIUdb)3756239','','a',20030428140334);
INSERT INTO metadata VALUES (7,'040','LCS','','a',20030428140334);
INSERT INTO metadata VALUES (7,'040','UIU','','c',20030428140334);
INSERT INTO metadata VALUES (7,'040','UIUdb','','d',20030428140334);
INSERT INTO metadata VALUES (7,'245','12TH COLLECTIVE INDEX TO CHEMICAL ABSTRACTS ON CD-ROM, 4 DISKS','00','a',20030428140334);
INSERT INTO metadata VALUES (7,'260','COMPACT CAMBRIDGE,','1','a',20030428140334);
INSERT INTO metadata VALUES (7,'260','1993.','1','c',20030428140334);
INSERT INTO metadata VALUES (7,'699','ORDER.9068-K087528',' 9','a',20030428140334);

--
-- Table structure for table 'setmap'
--

CREATE TABLE setmap (
  setID int(11) NOT NULL default '0',
  recID int(11) NOT NULL default '0',
  lastModDate timestamp(14) NOT NULL,
  KEY setID (setID),
  KEY recID (recID)
) TYPE=MyISAM;

--
-- Dumping data for table 'setmap'
--


INSERT INTO setmap VALUES (1,1,20030502165524);
INSERT INTO setmap VALUES (1,2,20030502165524);
INSERT INTO setmap VALUES (2,3,20030502165524);
INSERT INTO setmap VALUES (2,4,20030502165524);
INSERT INTO setmap VALUES (2,5,20030502165524);
INSERT INTO setmap VALUES (3,6,20030502165524);
INSERT INTO setmap VALUES (3,7,20030502165524);

--
-- Table structure for table 'sets'
--

CREATE TABLE sets (
  setID int(11) NOT NULL auto_increment,
  setName varchar(50) NOT NULL default '',
  setSpec varchar(50) NOT NULL default '',
  lastModDate timestamp(14) NOT NULL,
  PRIMARY KEY  (setID)
) TYPE=MyISAM;

--
-- Dumping data for table 'sets'
--


INSERT INTO sets VALUES (1,'SetNameA','SetSpecAFromSetsTable',20030502165252);
INSERT INTO sets VALUES (2,'SetNameB','SetSpecBFromSetsTable',20030502165252);
INSERT INTO sets VALUES (3,'SetNameC','SetSpecCFromSetsTable',20030502165252);
INSERT INTO sets VALUES (4,'SetNameD','SetSpecDFromSetsTable',20030502165252);
